{"version":"1.0","provider_name":"JungianDirectory","provider_url":"https:\/\/jungian.directory\/fcxfougk","author_name":"Buranee Haupt","author_url":"https:\/\/jungian.directory\/fcxfougk\/author\/buraneehaupt\/","title":"L'Ombre et le Mal","type":"rich","width":600,"height":338,"html":"<blockquote class=\"wp-embedded-content\" data-secret=\"JE99wzv6Xr\"><a href=\"https:\/\/jungian.directory\/fcxfougk\/jungian-events\/lombre-et-le-mal\/\">L&#8217;Ombre et le Mal<\/a><\/blockquote><iframe sandbox=\"allow-scripts\" security=\"restricted\" src=\"https:\/\/jungian.directory\/fcxfougk\/jungian-events\/lombre-et-le-mal\/embed\/#?secret=JE99wzv6Xr\" width=\"600\" height=\"338\" title=\"&#8220;L&#8217;Ombre et le Mal&#8221; &#8212; JungianDirectory\" data-secret=\"JE99wzv6Xr\" frameborder=\"0\" marginwidth=\"0\" marginheight=\"0\" scrolling=\"no\" class=\"wp-embedded-content\"><\/iframe><script>\n\/*! This file is auto-generated *\/\n!function(d,l){\"use strict\";l.querySelector&&d.addEventListener&&\"undefined\"!=typeof URL&&(d.wp=d.wp||{},d.wp.receiveEmbedMessage||(d.wp.receiveEmbedMessage=function(e){var t=e.data;if((t||t.secret||t.message||t.value)&&!\/[^a-zA-Z0-9]\/.test(t.secret)){for(var s,r,n,a=l.querySelectorAll('iframe[data-secret=\"'+t.secret+'\"]'),o=l.querySelectorAll('blockquote[data-secret=\"'+t.secret+'\"]'),c=new RegExp(\"^https?:$\",\"i\"),i=0;i<o.length;i++)o[i].style.display=\"none\";for(i=0;i<a.length;i++)s=a[i],e.source===s.contentWindow&&(s.removeAttribute(\"style\"),\"height\"===t.message?(1e3<(r=parseInt(t.value,10))?r=1e3:~~r<200&&(r=200),s.height=r):\"link\"===t.message&&(r=new URL(s.getAttribute(\"src\")),n=new URL(t.value),c.test(n.protocol))&&n.host===r.host&&l.activeElement===s&&(d.top.location.href=t.value))}},d.addEventListener(\"message\",d.wp.receiveEmbedMessage,!1),l.addEventListener(\"DOMContentLoaded\",function(){for(var e,t,s=l.querySelectorAll(\"iframe.wp-embedded-content\"),r=0;r<s.length;r++)(t=(e=s[r]).getAttribute(\"data-secret\"))||(t=Math.random().toString(36).substring(2,12),e.src+=\"#?secret=\"+t,e.setAttribute(\"data-secret\",t)),e.contentWindow.postMessage({message:\"ready\",secret:t},\"*\")},!1)))}(window,document);\n\/\/# sourceURL=https:\/\/jungian.directory\/fcxfougk\/wp-includes\/js\/wp-embed.min.js\n<\/script>\n","thumbnail_url":"https:\/\/jungian.directory\/fcxfougk\/wp-content\/uploads\/2025\/11\/the-fight-honoured.jpg","thumbnail_width":576,"thumbnail_height":325,"description":"\u00a0En m\u2019appuyant sur l\u2019\u0153uvre clinique et conceptuelle de Carl Gustav Jung et de Marie-Louise von Franz, je vous proposerai une r\u00e9flexion approfondie sur les concepts cl\u00e9s de la Psychologie Analytique \u00e0 partir d\u2019exemples cliniques concrets. Nous explorerons les notions d\u2019Ombre et de mal, leurs modes de manifestation, ainsi que leurs diff\u00e9rences fondamentales, notamment dans leur [&hellip;]"}

En m’appuyant sur l’œuvre clinique et conceptuelle de Carl Gustav Jung et de Marie-Louise von Franz, je vous proposerai une réflexion approfondie sur les concepts clés de la Psychologie Analytique à partir d’exemples cliniques concrets. Nous explorerons les notions d’Ombre et de mal, leurs modes de manifestation, ainsi que leurs différences fondamentales, notamment dans leur [&hellip;]
